f + r*x + 2 = -x, f - x = 0. Let n = 17 + f. What is the highest common divisor of n and 8?
8
Suppose 280 = z + 2*q, 0 = 5*z + 2*q - 1901 + 517. Suppose -x + p = -2*p - 71, 4*x - 4*p = z. What is the highest common divisor of x and 17?
17
Let w be 207*((-3)/(-1))/(-3). Let o = -142 - w. What is the highest common factor of o and 13?
13
Suppose -358 = -3*p - 31. Suppose -2*m - p = -4*z - 13, 2*m - 36 = -2*z. What is the highest common divisor of z and 22?
22
Suppose -2*r + 2 = 0, -3*k + 22 = -3*r + 1. Calculate the highest common factor of 72 and k.
8
Let t = -3 + 9. Let x(g) = -g**2 + 5*g - 1. Let p be x(4). Suppose -p*z = a - 130, -2*z = -a - 74 - 6. Calculate the greatest common divisor of t and z.
6
Let i be 22 + 0/(-1*1). Suppose -j - 4 = -6. Suppose j*p = 2*g - 434, -3*p = g - 0*p - 229. What is the greatest common divisor of g and i?
22
Let c = 37 - 25. Let l(u) = -u**2 + 2*u + 7. Let x be l(5). Let g be (x + 0)/(4/(-54)). What is the highest common factor of c and g?
12
Let z = 51 - 26. Let m(v) = 2*v**2 + v. Suppose -4 = -5*r - 2*l, 2*r - 5 = -2*r - l. Let i be m(r). What is the greatest common factor of z and i?
5
Let n be (-3)/(9/4)*-6. Calculate the greatest common divisor of n and 16.
8
Let u be (-3 + 29/5)*35. What is the highest common factor of u and 14?
14
Let i(y) = 3*y**2 + 4*y - 3. Let h be i(-4). Calculate the greatest common divisor of h and 232.
29
Suppose 2*h - 2*m = 186, 89 = 2*h - h - 2*m. Let y be 2*(39/(-6) + 2). Let f be (-4)/(-18) - h/y. Calculate the greatest common divisor of 77 and f.
11
Let c = -11 - -16. Suppose -3*p - 2 = -4*p, c*l - 434 = 3*p. Suppose -3*a + 4*v = -66, 0*a - 4*a + l = -3*v. What is the greatest common factor of a and 11?
11
Suppose -14 - 16 = 2*v. Suppose 6*f - 197 = 421. Let g = f + v. Calculate the highest common factor of 8 and g.
8
Suppose 0*r + p = -4*r + 5, -3*p = 3*r - 6. Suppose -7*h = -2 - 33. What is the greatest common divisor of r and h?
1
Let y(u) = 2*u**2 - 8*u + 12. Let s be y(5). Suppose 2*c - 62 = -0*c. Let l = c - 20. Calculate the highest common factor of s and l.
11
Suppose -2*b + 180 = 2*b + 5*q, -q = 2*b - 84. Calculate the highest common divisor of 10 and b.
10
Suppose 0 = 5*z + 1 - 126. Calculate the highest common divisor of 275 and z.
25
Let p(b) = 12*b**3. Let w be p(2). Let s(a) = -a**3 - 5*a**2 + 4*a. Let g be s(-6). What is the highest common factor of w and g?
12
Let m be (1 + 0)/((-1)/(-7)). Let i = 12 - m. What is the greatest common factor of 35 and i?
5
Suppose -2*n = 2 - 10, -722 = -2*m + n. Calculate the highest common factor of m and 33.
33
Let r be 122/6 - (-1)/(-3). Suppose 12*w - 240 = -18*w. What is the highest common factor of w and r?
4
Let o be ((-1)/(-1))/(5/765). Let n(c) = -2*c + 5. Let t be n(-6). What is the greatest common factor of t and o?
17
Let l(o) = -o**2 + 8*o - 7. Let i be l(5). Suppose -3*u - 2 + i = 0. Suppose 5*s + 3 = -u*w, -w + 16 = 4*s - 4*w. What is the highest common factor of 7 and s?
1
Let j be (2/4)/(4/8). Let b(k) = -2 - 11*k + j + 0 - 16*k. Let n be b(-3). What is the highest common factor of n and 16?
16
Let g(v) = v**3 + 6*v**2 - 6*v - 3. Let y be g(-7). Let u = -7 - y. Suppose 0 = u*b + 21 - 117. What is the greatest common factor of 16 and b?
16
Let f = 510 - 504. Suppose 4*c = 29 + 19. What is the greatest common divisor of f and c?
6
Let p = 98 + -23. What is the highest common divisor of p and 30?
15
Let j = 57 - 31. What is the greatest common divisor of j and 104?
26
Suppose -108 = -4*f + 28. Calculate the greatest common factor of 238 and f.
34
Let i be -1*1*10*-1. Calculate the highest common factor of i and 2.
2
Suppose 2*d + 0*d = -36. Let m be (-1 - 14/6)*3. Let b = m - d. What is the greatest common divisor of b and 2?
2
Let b = -6 + 10. Suppose 0 = z + b*t - 8, -2*z = -3*z + 5*t - 10. Suppose z = 3*a - 5*a + 70. What is the greatest common divisor of a and 7?
7
Suppose -c - 113 = -4*j, 2*j + 2*c - 81 + 17 = 0. Let b = j + -11. What is the highest common divisor of b and 198?
18
Let w(r) = 27*r + 8. Let j be w(11). Let o = j + -129. What is the greatest common factor of o and 16?
16
Suppose 7*u - 353 = 95. Let i(c) be the first derivative of c**4/4 - 2*c**3/3 - c + 1. Let b be i(3). Calculate the highest common factor of b and u.
8
Let i(u) = u**3 + 5*u**2 - 3*u - 10. Let w be i(-5). Calculate the greatest common divisor of w and 35.
5
Suppose 0*m + 4*k = -5*m + 39, 2*m - 2*k - 30 = 0. Let f be (-5)/(10/(-6)) + -2. Calculate the highest common divisor of f and m.
1
Let q be 4/(-12) + 12/9 - -51. Let j = 70 + -44. Suppose j = -2*n + 4*n. What is the highest common factor of n and q?
13
Let r(v) = v**2 - 6*v + 3. Let g be r(8). Calculate the greatest common divisor of g and 209.
19
Let z(c) = -2*c + 3. Let n be z(-7). Let u be n/(4 + -3) + -1. Calculate the highest common factor of 8 and u.
8
Let c = 179 - 124. Let o = 13 + -8. What is the greatest common divisor of o and c?
5
Let s be (-2 + -2)/4*-5. What is the greatest common divisor of 2 and s?
1
Let o = 32 + -11. Calculate the greatest common factor of o and 7.
7
Let q(a) = -a**2 + 7*a + 12. Let j be q(7). What is the greatest common factor of 3 and j?
3
Let y be 84/49*((-28)/3)/(-2). Calculate the highest common factor of 28 and y.
4
Let f(h) = -5*h. Let l be f(-3). What is the greatest common divisor of 135 and l?
15
Let t = -7 - -6. Let k be t/4 + 49/4. What is the highest common factor of 12 and k?
12
Suppose -5*r - 4*u - 73 = -0*r, -3*r = 2*u + 43. Let t = -9 - r. Calculate the highest common factor of t and 4.
4
Suppose -5*o + 2 = -3. Let r = -8 + 13. What is the greatest common divisor of r and o?
1
Let x be ((-1)/(-1))/(4/(-24)). Let m be ((-10)/(-6))/(2/x). Let v(s) = s**2 + 2*s - 3. Let a be v(m). Calculate the greatest common factor of a and 30.
6
Let k = 4 - -36. Suppose 3*s - 53 = -5*c - 4, k = 4*c + 2*s. Let x = 167 - 112. What is the highest common divisor of x and c?
11
Suppose -13*g - 6 = -14*g. Calculate the greatest common factor of 18 and g.
6
Suppose 18 = 5*n - 27. What is the highest common divisor of n and 27?
9
Let s = -82 + 103. What is the highest common divisor of s and 231?
21
Suppose -56 + 312 = 4*t. Suppose t = -4*p + 2*c, 4*p - 5*c = 3*p - 25. Let n = p - -29. Calculate the greatest common divisor of 21 and n.
7
Suppose 2*a - 38 + 8 = 0. Calculate the highest common factor of 15 and a.
15
Suppose -4*m = -92 + 20. Calculate the highest common factor of 36 and m.
18
Suppose -7 = -8*y + 25. What is the highest common divisor of 36 and y?
4
Suppose 4*u + 2*f = 50, -u + f = 6*f - 26. Let v = -152 + 251. What is the highest common factor of v and u?
11
Let n be 12/(-30) + 224/10. Suppose 5*z - 25 = 0, -3*z + n = 3*f - 4*f. Let m = 22 + f. Calculate the highest common factor of 120 and m.
15
Suppose 2*y + 3*y - 23 = -3*d, 0 = 5*d + y - 9. Let z be ((-264)/6)/((-2)/d). Let a = 88 + -33. Calculate the greatest common factor of z and a.
11
Let u be -8 + (6 - 2) + 43. Calculate the highest common divisor of 156 and u.
39
Let p(s) = s**3 + 4*s**2 - 3. Let r be p(-3). Calculate the greatest common divisor of r and 3.
3
Suppose -g - 28 = -4*n + 4*g, 2*n = 4*g + 14. What is the highest common divisor of n and 7?
7
Let h = -7 - -17. Calculate the greatest common divisor of 20 and h.
10
Let d = -3 + 3. Suppose c - 9 = -d*c. Suppose -396 = -6*p + 2*p. What is the greatest common factor of p and c?
9
Let j = 4 - 2. Let o be (j - (13 - -2))/(-1). Suppose d + 3*n - 118 = 0, -2*n - 398 = d - 4*d. Calculate the highest common divisor of o and d.
13
Suppose -2*j + 4*j = t - 5, -3*t = 5*j - 26. What is the highest common factor of t and 21?
7
Let d = -19 - -32. Suppose 2*j = -5*a + 272, 9*j - 4*j - 5 = 0. Let s be (52/(-8))/((-3)/a). Calculate the highest common divisor of d and s.
13
Suppose 0 = -3*f + 5*z + 9, 1 = -f + 5*z - 6. What is the greatest common divisor of 8 and f?
8
Suppose 4*k - 2*k = 6. Let w(r) = -14*r + 5. Let t be w(-2). What is the highest common divisor of t and k?
3
Suppose -y - 2*n - n - 7 = 0, -y + 5*n = -33. Let d(b) = -2*b + 2 + b**2 + 6 + 0*b**2. Let g be d(6). What is the highest common divisor of y and g?
8
Suppose 2*x = 2*j + 2 - 44, -89 = -5*j - 3*x. Let v = 5 + 14. What is the highest common factor of v and j?
1